2. What is y(-464)?
-84
Let c(o) = 8*o**3 - 450*o**2 - 3338*o - 4040. What is c(63)?
-8
Let g(v) = -v**2 - 72838*v + 9851359. Determine g(135).
4
Let i(y) = -4994*y + 125890. Determine i(25).
1040
Let g(j) = -655*j**2 + 4258*j + 2280. Calculate g(7).
-9
Let v(b) = -b**3 - 22*b**2 + 215*b + 288. Determine v(9).
-288
Let a(z) = z**2 + 59*z + 263. Determine a(33).
3299
Let o(m) = -m**3 + 11*m**2 + 2874*m - 42212. Give o(15).
-2
Let z(s) = 2*s**3 + 140*s**2 - 1418*s + 253. Calculate z(-79).
-63
Let u(n) = 2123*n + 6417. Give u(-3).
48
Let q(y) = -18*y**3 - 1593*y**2 + 813*y + 1039. Give q(-89).
-29
Let x(g) = -240*g - 28897. Give x(-121).
143
Let o(s) = 875*s**3 + 14*s**2 - 37*s + 22. Calculate o(1).
874
Let f(y) = -148*y**3 - 30*y**2 - 30*y - 3. Give f(-1).
145
Let z(p) = -p**3 + 177*p**2 + 20700*p - 16033. What is z(-81)?
5
Let d(x) = 393*x - 3421. Determine d(4).
-1849
Let q(d) = d**2 - 4764*d + 416052. Determine q(89).
-23
Let r(c) = -9*c**2 + 91*c - 104. Give r(5).
126
Let f(i) = -11630*i - 255856. What is f(-22)?
4
Let k(q) = -458*q**2 - 4682*q + 9381. Calculate k(2).
-1815
Let x(f) = -619*f**3 - 2*f**2 - 20*f + 24. Give x(1).
-617
Let t(a) = -31*a**2 - 15*a + 13. Determine t(-2).
-81
Let r(s) = 2*s**2 - 1275*s + 181249. Determine r(214).
-9
Let f(p) = -2*p**3 - 47*p**2 - 415*p - 221. Calculate f(-12).
1447
Let y(s) = 3*s**3 - 23*s**2 - 183*s - 334. Determine y(-5).
-369
Let c(k) = -k**3 + 36*k**2 + 92*k + 2672. Determine c(40).
-48
Let p(o) = -72954*o - 2991104. Calculate p(-41).
10
Let m(t) = -184812*t - 2217730. Determine m(-12).
14
Let p(s) = -141*s + 2309. Determine p(17).
-88
Let v(j) = 13*j**2 - 2579*j + 76628. Determine v(162).
2
Let b(s) = -502*s**2 - 8531*s + 81. Calculate b(-17).
30
Let p(c) = -62855*c + 1068503. What is p(17)?
-32
Let h(x) = 36476*x - 218908. What is h(6)?
-52
Let f(o) = -961*o - 67996. Determine f(-71).
235
Let y(n) = 90935*n - 3364590. Give y(37).
5
Let x(z) = -154*z**2 + 958*z + 28. What is x(6)?
232
Let i(z) = 4*z**3 + 50*z**2 - 21*z + 617. Calculate i(-14).
-265
Let a(f) = -f**2 - 1616*f + 1952154. What is a(806)?
22
Let l(h) = 42*h - 538. Determine l(12).
-34
Let z(a) = a**2 + 106*a - 17375. Give z(89).
-20
Let q(p) = -4*p**2 - 119*p + 47. Determine q(-25).
522
Let y(s) = -283*s + 1782. Calculate y(9).
-765
Let m(q) = q**3 - 1599*q**2 - 85851*q + 29. Give m(-52).
-23
Let g(j) = 158002*j - 38236481. Calculate g(242).
3
Let n(c) = -77334*c + 77336. Give n(1).
2
Let n(j) = 11*j**3 - 67*j**2 + 56*j - 252. What is n(6)?
48
Let n(a) = 54062*a - 28328494. Calculate n(524).
-6
Let s(c) = 158*c - 2761. Determine s(17).
-75
Let t(v) = 10*v**2 - 73*v - 630. What is t(-8)?
594
Let h(k) = 102815*k - 1747867. Determine h(17).
-12
Let s(m) = 7*m**3 - 70*m**2 - 6*m - 15. Give s(10).
-75
Let d(r) = -2*r**2 + 447*r - 9935. Calculate d(25).
-10
Let g(x) = 389*x**2 - 985*x + 30. Determine g(3).
576
Let i(q) = 2*q**3 - 609*q**2 - 8539*q - 14931. Calculate i(318).
15
Let c(w) = w**2 - 64*w - 24. Give c(57).
-423
Let y(b) = -5*b**3 + 7*b**2 + 42*b + 33. Calculate y(-4).
297
Let a(t) = -2993*t**2 - 1547380*t + 484. What is a(-517)?
-33
Let v(m) = 2*m**3 - 566*m**2 + 4939*m - 1903. Determine v(274).
15
Let h(c) = c**3 - 158*c**2 + 1306*c - 838. Determine h(8).
10
Let h(u) = 1203*u**2 - 9670*u + 344. What is h(8)?
-24
Let t(l) = l**3 - 248*l**2 - 5653*l + 651. Give t(269).
-425
Let l(p) = 3*p**3 - 380*p**2 - 1294*p - 964. What is l(130)?
-184
Let z(m) = -11*m**3 + 8*m**2 - 251*m + 983. Determine z(3).
5
Let q(a) = 283955*a + 283936. Determine q(-1).
-19
Let z(c) = c**3 + 244*c**2 + 14771*c + 882. What is z(-111)?
-6
Let j(r) = 643*r + 6086. Calculate j(-9).
299
Let i(t) = -t**3 - 791*t**2 - 2430*t - 51956. Determine i(-788).
52
Let p(y) = 599*y - 64605. What is p(115)?
4280
Let t(v) = -v**3 - 110*v**2 + 519*v + 45289. Calculate t(-111).
1
Let l(p) = -6*p**2 - 1398*p - 19612. Determine l(-15).
8
Let c(a) = -a**3 + 21*a**2 + 2679*a - 51612. What is c(19)?
11
Let u(r) = r**2 + 1292*r - 31717. Give u(24).
-133
Let l(w) = -w**2 - 7*w + 10. Give l(13).
-250
Let t(k) = 11*k**2 - 7222*k + 46810. What is t(650)?
10
Let c(q) = -151835*q - 2581207. Determine c(-17).
-12
Let d(v) = v**3 + 103*v**2 - 1126*v + 109. Give d(-113).
-343
Let i(s) = 45*s**2 + 4315*s + 24303. Determine i(-6).
33
Let u(p) = 6*p**2 - 3378*p + 59873. Give u(18).
1013
Let x(y) = y**3 - 7*y**2 - 34*y + 40. Determine x(10).
0
Let u(n) = 7749*n - 2355696. Give u(304).
0
Let s(n) = -n**2 + 1125*n + 19458. Calculate s(-17).
44
Let r(u) = -u**3 - 13*u**2 + 132*u - 99. What is r(-20)?
61
Let p(f) = -f**3 + 958*f**2 + 4728*f - 428. Determine p(-5).
7
Let j(v) = -v**3 + 22*v**2 - 57*v + 359. Give j(20).
19
Let s(j) = -j**3 - 502*j**2 - 28045*j - 831. Calculate s(-64).
1
Let z(q) = -q**3 - 28*q**2 - 113*q - 182. Calculate z(-25).
768
Let w(g) = -g**3 - 101*g**2 - 1835*g + 7361. Give w(-29).
24
Let j(g) = -g**3 - 11*g**2 + 875*g - 315. Determine j(-37).
2904
Let j(l) = 387711*l - 7. Give j(0).
-7
Let c(m) = -253*m**2 + 4989*m - 4988. Calculate c(1).
-252
Let t(y) = -y**3 - 47*y**2 - 76*y + 416. What is t(-4)?
32
Let m(a) = 50163*a - 2608484. What is m(52)?
-8
Let p(i) = i - 97. Determine p(99).
2
Let i(u) = -4075*u - 790559. Give i(-194).
-9
Let z(r) = -r**2 + 5660*r - 1186359. Determine z(218).
-3
Let t(n) = -n**3 + 278*n**2 + 235703*n - 372. What is t(-366)?
-6
Let t(p) = -8*p**2 - 1847*p + 137177. What is t(-290)?
7
Let i(k) = 9*k**3 + 709*k**2 - 181*k - 1878. What is i(-79)?
-61
Let p(a) = a**3 + 100*a**2 - 1476*a - 804. Calculate p(-113).
-13
Let i(k) = -2172*k + 5605. What is i(4)?
-3083
Let h(y) = -y**3 - 852*y + 90. Give h(0).
90
Let g(v) = v**3 + 214*v**2 + 243*v + 4130. Calculate g(-213).
-2260
Let w(h) = 24541*h - 638065. Determine w(26).
1
Let w(b) = -4206*b + 75719. What is w(18)?
11
Let t(z) = z**3 - 32*z**2 + 27*z + 194. Determine t(28).
-2186
Let w(k) = 4*k**2 + 25374*k + 25370. What is w(-1)?
0
Let s(v) = v**3 - 507*v**2 + 2033*v - 80. Give s(4).
4
Let b(j) = -69264*j + 138521. Give b(2).
-7
Let h(f) = -6*f**3 - 79*f**2 - 20*f - 64. Give h(-13).
27
Let r(h) = -h**3 - 23*h**2 - 74*h - 1223. What is r(-22)?
-79
Let j(m) = 12249*m - 5303809. Determine j(433).
8
Let q(l) = -96575*l + 193226. Determine q(2).
76
Let o(d) = -244*d + 2549. Determine o(13).
-623
Let w(t) = -7*t**3 - 134*t**2 - 159*t - 173. Give w(-18).
97
Let u(v) = -5*v**3 - 191*v**2 - 266*v - 16447. Determine u(-39).
11
Let h(o) = -11*o**2 + 57986*o - 289902. Calculate h(5).
-247
Let w(g) = 337*g - 146092. Give w(433).
-171
Let o(n) = n**3 - 35*n**2 + 242*n - 478. Calculate o(4).
-6
Let t(y) = -16*y**2 - 2005*y + 1202. What is t(-126)?
-184
Let q(n) = -4*n**2 + 254*n - 2060. What is q(54)?
-8
Let f(g) = -g**3 - 40*g**2 - 57*g + 1586. Determine f(-37).
-412
Let u(m) = -65717*m + 131463. Give u(2).
29
Let k(r) = -767*r - 9570. What is k(-15)?
1935
Let s(g) = -10*g**3 - 66*g**2 + 2482*g + 17182. Give s(-7).
4
Let c(f) = 80*f**3 - 327*f**2 + 66*f - 177. Calculate c(4).
-25
Let f(u) = 53*u + 407. Give f(-9).
-70
Let d(n) = n**3 + 58*n**2 + 79*n + 1047. What is d(-57)?
-207
Let b(t) = 22376*t - 1857337. Determine b(83).
-129
Let v(q) = -458*q - 3465. What is v(-8)?
199
Let o(c) = -14*c**2 - 30*c + 409. Give o(-6).
85
Let i(c) = 8*c**2 + 407*c + 4600. Calculate i(-34).
10
Let f(l) = -l**2 + 1675*l - 676876. What is f(681)?
38
Let w(m) = -m**3 - 20*m**2 + 26*m + 69. What is w(-8)?
-907
Let v(z) = -2*z**3 - 2706*z**2 - 551501*z - 1108. Give v(-1103).
-5
Let o(f) = -f**2 + 444763*f + 3113393. Calculate o(-7).
3
Let u(h) = -2*h**2 - 72*h + 1839. Give u(22).
-713
Let p(a) = a**3 + 91*a**2 + 634*a + 266. Give p(-7).
-56
Let k(g) = 4*g**3 + 2*g**2 + 4670*g - 4671. Calculate k(1).
5
Let d(z) = 5*z**2 - 366*z - 1450. Determine d(74).
-1154
Let x(d) = -51397*d - 1027952. What is x(-20)?
-12
Let y(w) = 5*w**3 - 37*w**2 + 11*w + 127. Calculate y(6).
-59
Let o(k) = -k**2 + 505*k - 63376. What is o(270)?
74
Let y(l) = -3*l**2 + 66*l + 3876. What is y(49)?
-93
Let j(m) = -23*m - 4333. Determine j(-178).
-239
Let x(u) = 21*u - 3954. What is x(90)?
-2064
Let t(s) = -s**3 + 11*s**2 + 602*s - 7977. What is t(13)?
-489
Let p(d) = 576*d - 128798. Determine p(223).
-350
Let q(w) = -w**2 - 257*w + 41813. Determine q(-370).
3
Let t(